{"id":10,"date":"2023-11-26T07:45:35","date_gmt":"2023-11-26T06:45:35","guid":{"rendered":"https:\/\/momed.com.pl\/?page_id=10"},"modified":"2024-02-16T10:21:40","modified_gmt":"2024-02-16T09:21:40","slug":"o-nas","status":"publish","type":"page","link":"https:\/\/momed.com.pl\/","title":{"rendered":"O nas"},"content":{"rendered":"\t\t<div data-elementor-type=\"wp-page\" data-elementor-id=\"10\" class=\"elementor elementor-10\" data-elementor-post-type=\"page\">\n\t\t\t\t<div class=\"elementor-element elementor-element-93cc0b5 e-flex e-con-boxed e-con e-parent\" data-id=\"93cc0b5\" data-element_type=\"container\">\n\t\t\t\t\t<div class=\"e-con-inner\">\n\t\t\t\t<div class=\"elementor-element elementor-element-bb164e2 elementor-widget elementor-widget-heading\" data-id=\"bb164e2\" data-element_type=\"widget\" data-widget_type=\"heading.default\">\n\t\t\t\t<div class=\"elementor-widget-container\">\n\t\t\t\t\t<h2 class=\"elementor-heading-title elementor-size-default\">Momed\n<\/h2>\t\t\t\t<\/div>\n\t\t\t\t<\/div>\n\t\t\t\t\t<\/div>\n\t\t\t\t<\/div>\n\t\t<div class=\"elementor-element elementor-element-18821a6 e-flex e-con-boxed e-con e-parent\" data-id=\"18821a6\" data-element_type=\"container\">\n\t\t\t\t\t<div class=\"e-con-inner\">\n\t\t<div class=\"elementor-element elementor-element-0f10975 e-flex e-con-boxed e-con e-child\" data-id=\"0f10975\" data-element_type=\"container\">\n\t\t\t\t\t<div class=\"e-con-inner\">\n\t\t\t\t<div class=\"elementor-element elementor-element-bcf7715 elementor-widget elementor-widget-heading\" data-id=\"bcf7715\" data-element_type=\"widget\" data-widget_type=\"heading.default\">\n\t\t\t\t<div class=\"elementor-widget-container\">\n\t\t\t\t\t<h2 class=\"elementor-heading-title elementor-size-default\">Zabezpieczenie Medyczne<\/h2>\t\t\t\t<\/div>\n\t\t\t\t<\/div>\n\t\t\t\t\t<\/div>\n\t\t\t\t<\/div>\n\t\t\t\t\t<\/div>\n\t\t\t\t<\/div>\n\t\t<div class=\"elementor-element elementor-element-952e004 e-flex e-con-boxed e-con e-parent\" data-id=\"952e004\" data-element_type=\"container\">\n\t\t\t\t\t<div class=\"e-con-inner\">\n\t\t\t\t<div class=\"elementor-element elementor-element-8dccd94 elementor-widget elementor-widget-heading\" data-id=\"8dccd94\" data-element_type=\"widget\" data-widget_type=\"heading.default\">\n\t\t\t\t<div class=\"elementor-widget-container\">\n\t\t\t\t\t<h2 class=\"elementor-heading-title elementor-size-default\">Szkolenia z Pierwszej Pomocy<\/h2>\t\t\t\t<\/div>\n\t\t\t\t<\/div>\n\t\t\t\t\t<\/div>\n\t\t\t\t<\/div>\n\t\t<div class=\"elementor-element elementor-element-519f589 e-flex e-con-boxed e-con e-parent\" data-id=\"519f589\" data-element_type=\"container\">\n\t\t\t\t\t<div class=\"e-con-inner\">\n\t\t\t\t<div class=\"elementor-element elementor-element-e13c8c7 elementor-widget elementor-widget-heading\" data-id=\"e13c8c7\" data-element_type=\"widget\" data-widget_type=\"heading.default\">\n\t\t\t\t<div class=\"elementor-widget-container\">\n\t\t\t\t\t<h2 class=\"elementor-heading-title elementor-size-default\">Szkolenia z Medycyny Estetycznej<\/h2>\t\t\t\t<\/div>\n\t\t\t\t<\/div>\n\t\t\t\t\t<\/div>\n\t\t\t\t<\/div>\n\t\t<div class=\"elementor-element elementor-element-3519407 e-flex e-con-boxed e-con e-parent\" data-id=\"3519407\" data-element_type=\"container\">\n\t\t\t\t\t<div class=\"e-con-inner\">\n\t\t\t\t<div class=\"elementor-element elementor-element-cbeb577 elementor-widget elementor-widget-text-editor\" data-id=\"cbeb577\" data-element_type=\"widget\" data-widget_type=\"text-editor.default\">\n\t\t\t\t<div class=\"elementor-widget-container\">\n\t\t\t\t\t\t\t\t\t<p>\u00a0<\/p><p>Nazywam si\u0119 Monika Mazurkiewicz, jestem Ratownikiem Medycznym i Kosmetologiem. Takie czasy &#8211; dobrze jest mie\u0107 dwa zawody \ud83d\ude0a Od ponad dwudziestu lat szkol\u0119 lekarzy i kosmetolog\u00f3w z zaawansowanych procedur w Medycynie Estetycznej. Od niedawna poszerzy\u0142am swoj\u0105 ofert\u0119 o szkolenia z <strong>Pierwszej Pomocy Przedmedycznej<\/strong>.<\/p><p>Zawsze k\u0142ad\u0142am nacisk na prawid\u0142owy balans pomi\u0119dzy \u015bwiadomym i automatycznym wykonywaniem wyuczonych czynno\u015bci. Dlatego moje szkolenia zawieraj\u0105 niezb\u0119dn\u0105 cz\u0119\u015b\u0107 teoretyczn\u0105 \u2013 potrzebn\u0105 do realizacji \u0107wiczonych zada\u0144 i bardzo rozbudowan\u0105 cz\u0119\u015b\u0107 praktyczn\u0105 \u2013 \u0107wiczenia, \u0107wiczenia i jeszcze raz \u0107wiczenia !<\/p><p>\u0106wiczenia praktyczne w przypadku szkole\u0144 z Pierwszej Pomocy Przedmedycznej s\u0105 przeprowadzane na fantomach pod\u0142\u0105czonych do elektronicznego monitoringu tak aby ka\u017cdy \u0107wicz\u0105cy m\u00f3g\u0142 na bie\u017c\u0105co korygowa\u0107 tempo i si\u0142\u0119 wk\u0142adan\u0105 w r\u0119koczyny. Wszystkie \u0107wiczone r\u0119koczyny s\u0105 nagrywane z r\u00f3\u017cnych uj\u0119\u0107 i omawiane w ramach treningu, a po om\u00f3wieniu jeszcze raz powt\u00f3rzone przez uczestnika \u0107wicze\u0144.<\/p><p>Dlatego je\u015bli nie chcesz si\u0119 spoci\u0107 i zale\u017cy Ci tylko na dokumencie po\u015bwiadczaj\u0105cym \u201ezaliczenie\u201d kursu pierwszej pomocy to raczej nie jeste\u015b moim klientem. Je\u015bli jednak zale\u017cy Ci na solidnym, praktycznym \u0107wiczeniu obejmuj\u0105cym r\u0119koczyny ratownicze, zarz\u0105dzanie akcj\u0105 ratownicz\u0105 i motywowanie ludzi obserwuj\u0105cych kryzysow\u0105 sytuacj\u0119 do dzia\u0142a\u0144, kt\u00f3re pomog\u0105 uratowa\u0107 zdrowie i \u017cycie poszkodowanego zadzwo\u0144 i um\u00f3w si\u0119 na szkolenie !<\/p><p>Serdecznie pozdrawiam i do zobaczenia na szkoleniach !<\/p><p>Monika Mazurkiewicz<\/p><p>PS. Materia\u0142 filmowy nagrywany w trakcie \u0107wicze\u0144 jest obj\u0119ty ochron\u0105 RODO ! Jedynie na pisemne \u017cyczenie grupy i po uzyskaniu zgody od wszystkich uczestnik\u00f3w mo\u017ce by\u0107 przekazany jako pami\u0105tka lub materia\u0142 do powt\u00f3rki we w\u0142asnym zakresie. Kopie nagra\u0144 nie s\u0105 przeze mnie przechowywane.<\/p>\t\t\t\t\t\t\t\t<\/div>\n\t\t\t\t<\/div>\n\t\t\t\t\t<\/div>\n\t\t\t\t<\/div>\n\t\t<div class=\"elementor-element elementor-element-900ab3a e-flex e-con-boxed e-con e-parent\" data-id=\"900ab3a\" data-element_type=\"container\">\n\t\t\t\t\t<div class=\"e-con-inner\">\n\t\t\t\t<div class=\"elementor-element elementor-element-214c4c2 elementor-widget elementor-widget-spacer\" data-id=\"214c4c2\" data-element_type=\"widget\" data-widget_type=\"spacer.default\">\n\t\t\t\t<div class=\"elementor-widget-container\">\n\t\t\t\t\t\t\t<div class=\"elementor-spacer\">\n\t\t\t<div class=\"elementor-spacer-inner\"><\/div>\n\t\t<\/div>\n\t\t\t\t\t\t<\/div>\n\t\t\t\t<\/div>\n\t\t\t\t\t<\/div>\n\t\t\t\t<\/div>\n\t\t\t\t<\/div>\n\t\t","protected":false},"excerpt":{"rendered":"<p>Momed Zabezpieczenie Medyczne Szkolenia z Pierwszej Pomocy Szkolenia z Medycyny Estetycznej \u00a0 Nazywam si\u0119 Monika Mazurkiewicz, jestem Ratownikiem Medycznym i Kosmetologiem. Takie czasy &#8211; dobrze jest mie\u0107 dwa zawody \ud83d\ude0a Od ponad dwudziestu lat szkol\u0119 lekarzy i kosmetolog\u00f3w z zaawansowanych procedur w Medycynie Estetycznej. Od niedawna poszerzy\u0142am swoj\u0105 ofert\u0119 o szkolenia z Pierwszej Pomocy Przedmedycznej. &hellip; <a href=\"https:\/\/momed.com.pl\/\" class=\"more-link\">Continue reading <span class=\"screen-reader-text\">O nas<\/span> <span class=\"meta-nav\">&rarr;<\/span><\/a><\/p>\n","protected":false},"author":1,"featured_media":0,"parent":0,"menu_order":1,"comment_status":"closed","ping_status":"closed","template":"","meta":{"footnotes":""},"_links":{"self":[{"href":"https:\/\/momed.com.pl\/index.php?rest_route=\/wp\/v2\/pages\/10"}],"collection":[{"href":"https:\/\/momed.com.pl\/index.php?rest_route=\/wp\/v2\/pages"}],"about":[{"href":"https:\/\/momed.com.pl\/index.php?rest_route=\/wp\/v2\/types\/page"}],"author":[{"embeddable":true,"href":"https:\/\/momed.com.pl\/index.php?rest_route=\/wp\/v2\/users\/1"}],"replies":[{"embeddable":true,"href":"https:\/\/momed.com.pl\/index.php?rest_route=%2Fwp%2Fv2%2Fcomments&post=10"}],"version-history":[{"count":32,"href":"https:\/\/momed.com.pl\/index.php?rest_route=\/wp\/v2\/pages\/10\/revisions"}],"predecessor-version":[{"id":11708,"href":"https:\/\/momed.com.pl\/index.php?rest_route=\/wp\/v2\/pages\/10\/revisions\/11708"}],"wp:attachment":[{"href":"https:\/\/momed.com.pl\/index.php?rest_route=%2Fwp%2Fv2%2Fmedia&parent=10"}],"curies":[{"name":"wp","href":"https:\/\/api.w.org\/{rel}","templated":true}]}}