{"id":11484,"date":"2024-02-12T08:06:29","date_gmt":"2024-02-12T07:06:29","guid":{"rendered":"https:\/\/momed.com.pl\/?page_id=11484"},"modified":"2024-02-16T12:45:21","modified_gmt":"2024-02-16T11:45:21","slug":"fibryna-iniekcyjna-iprf-i-struktralna-sprf","status":"publish","type":"page","link":"https:\/\/momed.com.pl\/?page_id=11484","title":{"rendered":"Fibryna iniekcyjna IPRF i strukturalna SPRF"},"content":{"rendered":"\t\t<div data-elementor-type=\"wp-page\" data-elementor-id=\"11484\" class=\"elementor elementor-11484\" data-elementor-post-type=\"page\">\n\t\t\t\t<div class=\"elementor-element elementor-element-980abe2 e-flex e-con-boxed e-con e-parent\" data-id=\"980abe2\" data-element_type=\"container\">\n\t\t\t\t\t<div class=\"e-con-inner\">\n\t\t\t\t<div class=\"elementor-element elementor-element-2545291 elementor-widget elementor-widget-heading\" data-id=\"2545291\" data-element_type=\"widget\" data-widget_type=\"heading.default\">\n\t\t\t\t<div class=\"elementor-widget-container\">\n\t\t\t\t\t<h2 class=\"elementor-heading-title elementor-size-default\">Szkolenie Fibryna Strukturalna SPRF i Fibryna Iniekcyjna IPRF<\/h2>\t\t\t\t<\/div>\n\t\t\t\t<\/div>\n\t\t\t\t\t<\/div>\n\t\t\t\t<\/div>\n\t\t<div class=\"elementor-element elementor-element-5e74a1f e-flex e-con-boxed e-con e-parent\" data-id=\"5e74a1f\" data-element_type=\"container\">\n\t\t\t\t\t<div class=\"e-con-inner\">\n\t\t\t\t\t<\/div>\n\t\t\t\t<\/div>\n\t\t<div class=\"elementor-element elementor-element-bf50945 e-flex e-con-boxed e-con e-parent\" data-id=\"bf50945\" data-element_type=\"container\">\n\t\t\t\t\t<div class=\"e-con-inner\">\n\t\t\t\t<div class=\"elementor-element elementor-element-5a5b064 elementor-widget elementor-widget-text-editor\" data-id=\"5a5b064\" data-element_type=\"widget\" data-widget_type=\"text-editor.default\">\n\t\t\t\t<div class=\"elementor-widget-container\">\n\t\t\t\t\t\t\t\t\t<p>\u00a0<\/p><ol><li>Zaj\u0119cia teoretyczne:<\/li><\/ol><ul><li>Przygotowanie stanowiska pracy.\u00a0<\/li><li>Aseptyka i BHP<\/li><li>Wywiad medyczny<\/li><li>Co to jest fibryna<\/li><li>Jak prawid\u0142owo pozyska\u0107 materia\u0142<\/li><li>Technika wirowania<\/li><li>Zastosowanie fibryny w zabiegach estetycznych<\/li><li>Technika podania<\/li><li>\u0141\u0105czenie z innymi procedurami<\/li><li>Wskazania, przeciwskazania, powik\u0142ania<\/li><\/ul><p>2. Zaj\u0119cia praktyczne:<\/p><ul><li>Przygotowanie miejsca pracy<\/li><li>Pobieranie i przygotowywanie materia\u0142u do zabiegu<\/li><li>Praca na modelach i modelkach<\/li><\/ul><p>3. Podsumowanie szkolenia<\/p>\t\t\t\t\t\t\t\t<\/div>\n\t\t\t\t<\/div>\n\t\t\t\t\t<\/div>\n\t\t\t\t<\/div>\n\t\t<div class=\"elementor-element elementor-element-7cb92d8 e-flex e-con-boxed e-con e-parent\" data-id=\"7cb92d8\" data-element_type=\"container\">\n\t\t\t\t\t<div class=\"e-con-inner\">\n\t\t\t\t<div class=\"elementor-element elementor-element-b293a09 elementor-widget elementor-widget-text-editor\" data-id=\"b293a09\" data-element_type=\"widget\" data-widget_type=\"text-editor.default\">\n\t\t\t\t<div class=\"elementor-widget-container\">\n\t\t\t\t\t\t\t\t\t<p>Co zawiera szkolenie:<\/p><ul><li>Szkolenie 7 godzin<\/li><li>Modelki do samodzielnych zabieg\u00f3w. Mo\u017cliwo\u015b\u0107 zaproszenia w\u0142asnych modelek<\/li><li>Skrypty szkoleniowe<\/li><li>Produkty i materia\u0142y niezb\u0119dne do cz\u0119\u015bci praktycznej<\/li><li>Posi\u0142ek w trakcie szkolenia, przek\u0105ski, kawa, herbata<\/li><\/ul>\t\t\t\t\t\t\t\t<\/div>\n\t\t\t\t<\/div>\n\t\t\t\t\t<\/div>\n\t\t\t\t<\/div>\n\t\t<div class=\"elementor-element elementor-element-d14cb42 e-flex e-con-boxed e-con e-parent\" data-id=\"d14cb42\" data-element_type=\"container\">\n\t\t\t\t\t<div class=\"e-con-inner\">\n\t\t\t\t<div class=\"elementor-element elementor-element-f07647e elementor-widget elementor-widget-heading\" data-id=\"f07647e\" data-element_type=\"widget\" data-widget_type=\"heading.default\">\n\t\t\t\t<div class=\"elementor-widget-container\">\n\t\t\t\t\t<h1 class=\"elementor-heading-title elementor-size-default\">Szkolenie indywidualne 4000z\u0142       \n                  \nSzkolenie dla ma\u0142ych grup 3000z\u0142 za osob\u0119<\/h1>\t\t\t\t<\/div>\n\t\t\t\t<\/div>\n\t\t\t\t\t<\/div>\n\t\t\t\t<\/div>\n\t\t\t\t<\/div>\n\t\t","protected":false},"excerpt":{"rendered":"<p>Szkolenie Fibryna Strukturalna SPRF i Fibryna Iniekcyjna IPRF \u00a0 Zaj\u0119cia teoretyczne: Przygotowanie stanowiska pracy.\u00a0 Aseptyka i BHP Wywiad medyczny Co to jest fibryna Jak prawid\u0142owo pozyska\u0107 materia\u0142 Technika wirowania Zastosowanie fibryny w zabiegach estetycznych Technika podania \u0141\u0105czenie z innymi procedurami Wskazania, przeciwskazania, powik\u0142ania 2. Zaj\u0119cia praktyczne: Przygotowanie miejsca pracy Pobieranie i przygotowywanie materia\u0142u do zabiegu &hellip; <a href=\"https:\/\/momed.com.pl\/?page_id=11484\" class=\"more-link\">Continue reading <span class=\"screen-reader-text\">Fibryna iniekcyjna IPRF i strukturalna SPRF<\/span> <span class=\"meta-nav\">&rarr;<\/span><\/a><\/p>\n","protected":false},"author":1,"featured_media":0,"parent":0,"menu_order":0,"comment_status":"closed","ping_status":"closed","template":"","meta":{"footnotes":""},"_links":{"self":[{"href":"https:\/\/momed.com.pl\/index.php?rest_route=\/wp\/v2\/pages\/11484"}],"collection":[{"href":"https:\/\/momed.com.pl\/index.php?rest_route=\/wp\/v2\/pages"}],"about":[{"href":"https:\/\/momed.com.pl\/index.php?rest_route=\/wp\/v2\/types\/page"}],"author":[{"embeddable":true,"href":"https:\/\/momed.com.pl\/index.php?rest_route=\/wp\/v2\/users\/1"}],"replies":[{"embeddable":true,"href":"https:\/\/momed.com.pl\/index.php?rest_route=%2Fwp%2Fv2%2Fcomments&post=11484"}],"version-history":[{"count":56,"href":"https:\/\/momed.com.pl\/index.php?rest_route=\/wp\/v2\/pages\/11484\/revisions"}],"predecessor-version":[{"id":11713,"href":"https:\/\/momed.com.pl\/index.php?rest_route=\/wp\/v2\/pages\/11484\/revisions\/11713"}],"wp:attachment":[{"href":"https:\/\/momed.com.pl\/index.php?rest_route=%2Fwp%2Fv2%2Fmedia&parent=11484"}],"curies":[{"name":"wp","href":"https:\/\/api.w.org\/{rel}","templated":true}]}}